 be n(4). Let c = -130 + x. Suppose -t = -3*l + c, -3*l - 2*t + 58 = -0*l. Calculate the greatest common factor of l and 4.
4
Let o(t) be the second derivative of -7*t**3/6 - 15*t**2/2 + 7*t. Let n be o(-5). Calculate the highest common factor of 50 and n.
10
Let u be 6*(1/(0 + 2) + 1). What is the highest common divisor of u and 45?
9
Suppose 3*d = 4*d - 36. Calculate the greatest common factor of d and 9.
9
Suppose 5*w = w + 52. What is the greatest common divisor of w and 117?
13
Suppose 3*s - 128 = -14. Let y = 422 - 282. Let c = 197 - y. Calculate the highest common divisor of s and c.
19
Let a be (12 - 0)/((-20)/(-130)). Let b = 19 + -6. Calculate the highest common divisor of b and a.
13
Suppose 32 = 5*z - 3*l, 2*l = 5*z + 7*l. Calculate the highest common divisor of z and 10.
2
Let p be (6 - 5)/(2/6). Let a be 232/p - 2/6. What is the greatest common divisor of a and 11?
11
Let f = -3 - -8. Suppose 0 = 5*p - f - 5. Calculate the greatest common divisor of p and 2.
2
Suppose 0 = 5*y - 3*a, 5*y - y - 5*a = 0. Suppose -3 = -n - y*n. Suppose -p + 3*p + n*i = 23, 5*p = i + 15. Calculate the greatest common divisor of p and 10.
2
Let u(d) = 5*d - 4. Let f be u(7). Let v = f + 41. Let k(l) = l**2 + 4*l - 4. Let w be k(-6). Calculate the greatest common divisor of w and v.
8
Let b = 4 - 16. Let o be b*3/(18/(-64)). Suppose 4*d = -q - 22 + o, 0 = 4*d - 4*q - 116. Calculate the greatest common divisor of d and 9.
9
Let y(c) = c**2 - 6*c + 15. Let d be y(6). Calculate the highest common divisor of 135 and d.
15
Let r = 3 - 6. Let d be (-1)/(156/(-51) - r). What is the greatest common factor of d and 17?
17
Let l(m) = 3*m - 5. Let i be l(4). Suppose 0*w - w = 28. Let h = w + 98. What is the greatest common factor of h and i?
7
Let w be (-2)/(-6) - (-667)/87. Calculate the greatest common factor of w and 12.
4
Suppose 35 = 3*s - 2*j - 0, 4*s - 5*j = 35. Calculate the highest common factor of 15 and s.
15
Let b(x) = 5*x - 4. Let m be b(4). Let r(w) = 18*w - 2. Let p be r(1). What is the greatest common factor of p and m?
16
Let z = 49 + -22. Let u = z + -1. What is the highest common divisor of 65 and u?
13
Suppose 3*c = 4*c - 56. Suppose 3*t + 3*g = 42, 4*t + 2*g - g - c = 0. What is the greatest common factor of 21 and t?
7
Let w(m) = -3 - 2*m**2 + m**3 + 7*m - 1 - 2*m. Let j be w(3). Let g be 118/10 + 4/j. Calculate the highest common factor of 24 and g.
12
Let l be (-530)/(-45) - 4/(-18). What is the greatest common divisor of l and 6?
6
Suppose 4*m = 15 + 5. Suppose 0*v = -m*v + 40. Suppose -2*q + v = -14. What is the greatest common divisor of 11 and q?
11
Suppose 0 = s - 5*s + k + 30, -2 = -k. Let l be -5*4*s/(-5). Suppose -l = 5*g - 97. Calculate the greatest common factor of 52 and g.
13
Let z = 2 - -10. Calculate the highest common factor of z and 6.
6
Suppose 0 = -2*a - 3*a + 330. Calculate the highest common divisor of a and 44.
22
Let u(p) = -p**3 - 9*p**2 + 2*p + 11. Let r = 17 - 28. Let k be u(r). What is the highest common divisor of k and 21?
21
Let k = 103 + -80. Calculate the highest common divisor of 184 and k.
23
Suppose 0 = -p - 3*g + 4*g + 186, -4*p + 3*g + 747 = 0. Calculate the highest common divisor of p and 27.
27
Let j(x) = -x**2 + 15*x + 7. Let q be j(11). Calculate the highest common divisor of 34 and q.
17
Let n(q) = q**2 + 10*q + 10. Let f be n(-12). Calculate the highest common divisor of 51 and f.
17
Suppose 2*b + 0*t - 188 = 4*t, 5*b - 485 = 5*t. Let k = b - 56. What is the greatest common factor of 4 and k?
4
Let j be (-11 + -15)/(2/(-1)). Let s(a) = 16*a - 8. Let b be s(7). Calculate the greatest common factor of b and j.
13
Let j(g) = -2*g - 20. Let f be j(-13). Suppose -f*q + q = -120. What is the highest common divisor of 120 and q?
24
Let s be -3*((-68)/6)/2. Let j(t) = 10*t**2 - 3*t + 4. Let y be j(3). Calculate the greatest common factor of y and s.
17
Let n = -37 + 54. Let w(o) = 36*o + 7. Let y be (-2)/((-2)/7) - 2. Let v be w(y). What is the highest common factor of n and v?
17
Suppose -5*j - m = -499, 4*j - 343 = 5*m + 33. What is the greatest common factor of j and 11?
11
Let j be ((-56)/(-24))/(1/3). What is the greatest common divisor of j and 35?
7
Let x(r) = r + 3. Let k be x(-4). Let f = k - 1. Let v = f - -13. Calculate the greatest common divisor of 33 and v.
11
Suppose -2*q = -12 - 4. Let s be 4/(-18) + 176/(-18). Let h be ((-80)/25)/(1/s). Calculate the highest common factor of q and h.
8
Suppose -4*t - 88 = -280. Suppose 2*g - 5*q = 4 + 24, -8 = -2*q. What is the highest common factor of t and g?
24
Let a(r) = -r + 7. Let o be a(4). Let j be 6*-10*(-3)/12. Calculate the highest common factor of o and j.
3
Let k = 14 + 4. Let j be (16/(-10))/((-1)/5). Let v be (6/j)/(5/1320). What is the highest common divisor of v and k?
18
Let o(p) be the second derivative of p**4/12 + p**3/6 - p. Let z be o(-5). Let a = 0 - -4. Calculate the greatest common factor of a and z.
4
Let w = 28 + -20. Let r = 40 - 20. Calculate the highest common divisor of r and w.
4
Let i be (4/6)/(2/3). Let h be 9 - 6/(-9)*-3. Let y be ((-18)/h)/(i/(-7)). Calculate the greatest common divisor of 9 and y.
9
Suppose 0 = j + z - 3*z - 48, 4*z = -3*j + 104. Let u(q) = -29*q + 2. Let t be u(-2). What is the highest common divisor of t and j?
20
Suppose -35 - 31 = -2*m. Let d(x) = 2*x**2 - 7*x - 1. Let f be d(4). Calculate the greatest common factor of f and m.
3
Suppose -2*f - 3*f + 185 = 5*b, 0 = -4*f + b + 128. Let r be 109/10 - 19/(-190). What is the highest common factor of f and r?
11
Suppose -w + 3*w = 2. Let z(r) = -1 - 5*r + w. Let a be z(-8). Calculate the highest common divisor of 16 and a.
8
Suppose 5*r = 3*v - 168 + 38, r + 2*v + 39 = 0. Let d = 61 + r. What is the highest common factor of d and 48?
16
Let z be (-2)/11 + 290/22. Let m(t) = t**3 - 11*t**2 + t + 2. Let o be m(11). Calculate the greatest common factor of o and z.
13
Let o = -58 - -98. What is the highest common factor of o and 8?
8
Let c(k) = 5*k - 76. Let f be c(20). Let y be 1*-2*3/(-6). Let z = 9 - y. Calculate the greatest common divisor of f and z.
8
Suppose 3*l - 4*g - 220 = -l, 0 = l + 3*g - 63. Calculate the highest common factor of 3 and l.
3
Let h be 48/10 + (-4)/(-20). Let f(v) be the third derivative of v**4/8 - 5*v**3/6 + v**2. Let n be f(h). Calculate the greatest common factor of 25 and n.
5
Suppose -2*k = -0*k. Suppose 2*m = 3*m + f - 7, k = -3*f - 3. Let w be (m/3)/((-1)/(-6)). Calculate the highest common factor of w and 24.
8
Suppose t - 97 = 83. Suppose 3*i = -i + t. Calculate the highest common divisor of i and 5.
5
Suppose -p - 3*p = b - 20, 5*b - 40 = -5*p. Let k(c) = -c + 2. Let o be k(-6). Let u be o*1/6*24. Calculate the highest common factor of u and p.
4
Let p be (2 + -8)*(-1)/2. Suppose p*z - y - 48 = -2*y, -2*z - 2*y + 36 = 0. Suppose -2*d - 2*d + 40 = 0. Calculate the greatest common factor of d and z.
5
Let w(j) = j**2 + 16*j + 2. Let n(m) = -m**2 - m - 1. Let z(g) = 2*n(g) + w(g). Let v be z(12). Calculate the highest common divisor of v and 12.
12
Let f = -1 - -13. Calculate the highest common divisor of f and 4.
4
Suppose -x - 93 = -5*z + 3*x, 2*z + 5*x = 24. Suppose 0*s = -s + z. What is the highest common factor of 34 and s?
17
Suppose -16 = -13*d + 400. Let k = 18 + -2. Calculate the highest common factor of d and k.
16
Let c be 4/4 + 2/1. Let f be ((-10)/25)/(2/(-30)). Calculate the highest common factor of c and f.
3
Let l be 1676/14 + 4/14. Calculate the highest common factor of l and 15.
15
Let i be (-178)/4*-1 - 10/(-20). Calculate the highest common factor of 5 and i.
5
Let g = 35 + -18. Calculate the highest common divisor of 68 and g.
17
Let f(z) = -z + 16. Let m be f(0). Suppose -2*x = -0*x - m. What is the greatest common divisor of 32 and x?
8
Suppose 600 = 2*p + 2*p. Suppose 0 = -5*y + 112 - 27. Suppose -q - y = -p. Calculate the greatest common factor of q and 19.
19
Let l = -73 - -79. What is the greatest common divisor of 4 and l?
2
Let d = -5 - -10. Suppose -3*v + v = -d*o - 14, -2*v + 10 = -4*o. Let l be o/(-18) - 140/(-18). Calculate the greatest common divisor of 88 and l.
8
Let j = -54 + 78. What is the highest common divisor of 8 and j?
8
Let z(j) = 2*j**2 + 12*j + 8. Let i be z(-8). What is t